ate (229 - 192) + (3 - (-5 - -183)).
-138
What is the value of -4 + 5 + -49 - (-14 - (10 + (-17 - 15)))?
-56
Calculate (-76 - (-50 - 32)) + (1 - -23).
30
What is the value of 26 - ((23 - (-6 - 7)) + 2)?
-12
What is 49 + (10 - 69 - -44)?
34
Evaluate 2 + 1 + (3 - 4) + 19 + (390 - 384).
27
414 + -435 + -1 + 25
3
-10 + (7 - 11) + ((4 - 1) + -1 - 11)
-23
Evaluate -31 - ((-52 - -30 - -59) + -20).
-48
Calculate (-70 - (-106 - -3)) + -46.
-13
Evaluate (-1 - (-11 + (-18 - -25))) + (-6 - -5 - 91).
-89
What is the value of -302 - -277 - (-10 + 1) - (-75 - 2)?
61
Evaluate -85 + (-85 - -42) - (1 - (-9 - -2)) - -4.
-132
(-102 - -67 - 3) + 165
127
What is 75 - (4 + (7 - (-11 - -11)) + -2 + 2)?
64
What is -6 - -55 - (39 - (3 + 86))?
99
(-12 - 39) + 54 + (32 - -1) + 8
44
Evaluate (18 - (-3 + -10)) + (13 - 11 - -4).
37
Calculate 5 - (93 - (8 + 24)).
-56
Calculate -21 + 60 + (0 - 61).
-22
What is 2 + 4 - (1 + 1) - (31 - (-11 + 90))?
52
Evaluate 199 - 196 - (-2 + 3 + 1 + -61 + 4).
58
Evaluate 29 + 0 - (-54 - (-8 + -46)).
29
242 - 243 - (-1 + 29 - (16 - 11))
-24
(23 - 10) + -16 + -26 + 16
-13
Evaluate 8 + -5 + -11 + (-7 - -13 - (26 - 6)).
-22
Evaluate (23 + -39 - -25 - (-4 + 3)) + 0 + -67.
-57
Calculate 47 + (20 - 16) + 31.
82
Calculate (123 - (44 + 61)) + -4.
14
Evaluate ((2 - 19) + 13 - -8 - (5 + -1)) + -39.
-39
What is the value of -1 + 134 - (-4 + 22 + (32 + 14 - 54))?
123
What is (6 - (-2 + -3)) + 533 + -464?
80
Evaluate (34 - 65) + 25 + (-1 - 1).
-8
Calculate -3 - ((64 - 67 - (-11 - 0)) + -59).
48
20 + -23 + 68 + (1 + 7 - 0)
73
What is the value of (-68 + 46 - 13) + 54?
19
What is (62 - (-38 + 37)) + (-1 - (-7 + 6))?
63
(0 + (13 - -6) - 53) + -16
-50
What is 11 - (-5 - -19) - (-92 - -100)?
-11
What is (-1 - (-1 - 4) - -9) + -12 - (-56 + 0)?
57
What is the value of 82 + -47 + 9 - -19?
63
-13 + (4 - 25) + 34 + (-5 - (82 + -4))
-83
What is 37 + 6 + (3 - -13) + 6?
65
-29 + 25 + (-2 - -13) - (-6 - -18) - -32
27
What is the value of (-5 - -11) + (19 + 1 - (47 + -65))?
44
What is the value of -9 + 6 + 9 - (-4 + (7 - -5))?
-2
Evaluate 1 + -10 + (6 - (-7 + (2 - -8))).
-6
Calculate -801 + 779 + (163 - 13).
128
What is (18818 - 18732) + (-1 - -1 - (11 + -3))?
78
Evaluate 97 + 90 + 58 + -150 + (1 - -19).
115
Calculate 5 + -84 + 98 + (-110 - 4).
-95
What is -22 + (-11 - -9 - -8) + 16 + (90 - 0)?
90
What is 30 + -56 + 27 + (3 - (8 + -1)) - -29?
26
(-125 - (-151 + -112)) + -277
-139
0 - (1 + (-6 - -6) + -7 + -21 - -8)
19
Calculate -22 + 0 + (-32 - -9) + -27.
-72
Calculate 73 + 0 - (-3116 + 3180).
9
What is the value of -89 - (-154 + 96 + -82)?
51
What is the value of (24 - (-1 + 1)) + 292 + -293?
23
What is the value of 29 + -65 + 26 + 0 + -1 + -1?
-12
What is 0 + -7 - (-63 - ((-52 - -107) + -48))?
63
What is -16 - (-6 - -2) - (27 + (-62 - -25) + -121)?
119
-44 + 52 + (-13 - -2 - (-17 + 18))
-4
Evaluate -16 + 91 + (-5 - -19) + -12 + 20.
97
What is the value of (18 + -6 - -6) + -9 + -52?
-43
Evaluate 5 + 53 + (-7 - 9) + 13.
55
Calculate -14 + 2 + 385 + -322 + -16.
35
What is -2 + -12 - (-1316 - -1294)?
8
Calculate 4 + (-6 - -5 - 25 - (4 - (-7 - -10))).
-23
Calculate 5 + 45 - -7 - -6 - (-5 + -28 + 32).
64
What is the value of 63 - (1 + 2 - -47)?
13
56 + -60 + (7 + -3 - (-95 - -11))
84
What is -63 - ((56 - 7) + -57)?
-55
-3 + -3 + 0 - (13 + -10 - (85 - 9))
67
What is -6 + -33 + 1 - -8?
-30
Calculate 3 + (46 - 42) + -36.
-29
Calculate (-24 - -1) + 2 + (19 - -6) + -14 + 10.
0
What is -8 + 28 + (204 - 169)?
55
What is 2 + (0 - 9) + 37 + (0 - 10) - 11?
9
Evaluate -81 - (-4 + (10 - 59)).
-28
(16 - -37 - 60) + 37
30
What is the value of -43 - (64 + -17 + -88)?
-2
Evaluate 237 + -249 - (-51 + 4).
35
What is the value of (38 - -7 - 18) + -61?
-34
(-12 - (-49 - -58)) + 2 + -2 + -75
-96
Evaluate (-36 - -33) + (-2 - -4) + -15 - 6.
-22
Evaluate -63 + 2 - (-6244 + 6251).
-68
What is the value of -44 - (-37 + ((-14 - -15) + -13 - -32))?
-27
Evaluate 35 + -5 - (534 + -546).
42
Evaluate -8 + -53 + (-4 - (-6 + -9)) - 1.
-51
Evaluate 19 + -2 + -9 + 8 + (26 - 99).
-57
What is (-62715 - -62717) + (-2 + -113 - 0 - -1)?
-112
What is (-889 - -898) + (1 - 2 - 15) + -7?
-14
Calculate -30 + (14 - -16 - (-174 - -88)).
86
Evaluate -23 + 39 + 21 - 28 - (23 - (3 - 0)).
-11
What is 2 - ((1 - -69) + -158 + 150)?
-60
-18 - ((5 + -2 + 4 - -1) + -15) - 64
-75
(-2 - 21) + (1 - 5) - (-26 - -35)
-36
What is the value of 56 + 62 + -71 - 104?
-57
What is 6 + 1 + 4 + 61 + -67 + -1 + 31?
35
66 + -2 + 105 + -44 + -40
85
What is 6 + (-25 + 17 + 18 - 17)?
-1
What is the value of -5 + 18 + 8 + (139 - 8) - (15 + -1)?
138
Calculate (-9 - (12 + -34)) + (16 - 2).
27
Calculate 63 + (7 - (-10 - -4) - (86 - 60)).
50
What is 55 + 3 + -1 + 6478 + -6494?
41
What is the value of (-73 + 51 - ((10 - 3) + -14)) + (-94 - -1)?
-108
Calculate 3 - 17 - (680 + -714).
20
What is (-5 - (-80 + -12)) + 19 - (1 + 5) - 8?
92
-135 - (22 + 59 + -168)
-48
What is 8 - (0 + 1 - (-23 + -2 + (9 - -7)))?
-2
1 - -5 - -58 - (53 + -54 - (-1 + 1))
65
Evaluate -14 + -43 + (-16 - -6) - -14.
-53
Calculate 29 + 1 + -39 + -9 - -55.
37
Evaluate (3 - -2) + (67 - 54) + -6 + 9.
21
Evaluate 23402 - 23510 - (2 + (2 + -5 - (8 - -1))).
-98
What is -14 + (5 - (-11 + 0 + (192 - 192) - 2))?
4
Evaluate 4365 + -4372 - (109 - -3).
-119
-8 + (93 + (6 + -30 - -4) - 20)
45
What is -21 - ((-27 - (-57 - -15)) + -11)?
-25
What is the value of 316 - 350 - (5 - (-51 + -12))?
-102
Evaluate 16 + -76 + (-59 - -24).
-95
Calculate 23 + -9 + 13 + (-5 - 1 - -2).
23
What is the value of -30 - 1 - (-3484 - -3450)?
3
What is (16 + 134 - -4) + -2 + -18 + (2 - 13)?
123
What is 16 - (8 + 56 + (-36 - -17) + 1)?
-30
Evaluate 35 + 18 + -93 - (-113 + -10).
83
What is the value of 23 + (-9 + -4 - (1 + 0 + (21 - 30)))?
18
What is the value of -75 + 0 + (-205 + 191 - (-14 - (2 - 7)))?
-80
(-461 - -493) + (0 - 27)
5
Calculate (-17 + 10 + -3 - 4) + 9 - -50.
45
Evaluate 178 - 36 - -7 - (4 + (10 - (8 + -3))).
140
What is 17 - ((-22 - -4) + 43)?
-8
Calculate -29 - (-1 + (-39 + 47 - (16 - 1))).
-21
What is (2 - (-20 + 3)) + (-23 - (82 + -45 - 53))?
12
What is the value of (-36 - 2) + -198 + 238 - (0 - -54)?
-52
What is ((39 - 38) + 3 + -1 - (-6 + 1)) + -29?
-21
Evaluate -18 + (-14 - (2 + 42)) + 22.
-54
(1 - -19) + -57 + -7 + 75
31
What is the value of -15 + (34 - 24) - (-48 + -2) - (-1 - 4)?
50
Evaluate (27 - (-23 - -126)) + 38.
-38
11 - (30 - -48) - -24
-43
Evaluate (0 - -1) + -146 + 155 - (-15 + 14).
11
What is the value of (-19 - 4 - -26) + 10 + 0 + -6?
7
Calculate -5 + (-68 - (-16 + -2)) + 5.
-50
33 + (-254 + 260 - (12 - 1)) + -5
23
Evaluate -46 - (18 - (-53 + (56 - 21))).
-82
-35 + (137 - 33) + -113
-44
Calculate -5 + 0 - -9 - (-261 + 294).
-29
What is the value of 0 - -24 - (-714 + 763)?
-25
2 + -71 + 36 + 87
54
What is the value of 140 - (70 + -76 - -91)?
55
Evaluate -162 + (191 - 40) + 0 + (-25 - 0).
-36
What is the value of -23 + (-26 - (-5 + (-40 - 1)))?
-3
58 + -17 + 31 + (1 - 9)
64
Calculate (4 - -34 - -5) + (6 - (-3 + 6)).
46
What is the value of 3 + -174 - (350 + -483)?
-38
What is the value of 13 - (-4 - -8 - 6) - ((32 - 17) + -14)?
14
What is 69 + -72 + 16 + 63?
76
(-33 - -114 - 29) + -82
-30
Evaluate (-8 - -18 - (49 - 7)) + (1 - -2).
-29
What is 65 + (-29 - (6 + -42)) + (-2 - -3)?
73
Evaluate -2 - (-1 + -54 + (78 - 11) + -72).
58
Calculate 30 - (22 + -27 + 17) - 14.
4
What is 59 - (146 + (-34 - 45))?
-8
Evaluate 62 + (-80 - -53 - 13) - (-1 + -87).
110
What is the value of 27 + 42 + -41 - (-2 - -3 - 1)?
28
-25 + (1 - -1 - (0 - 0 - (121 + -133)))
-35
What is the value of (60 + -52 - 44) + 58?
22
-54 - -36 - (-7 - -14 - 90)
65
What is -12 + 2 + (13 - (1 - -6 - -2)) - 20?
-26
(0 - -14) + -21 + 15 - (-3 - -35)
-24
What is the value of 2 + 0 + 1 + -5 - (-1 - (4 - 8))?
-5
What is (2 - 14) + 16 + -3 + (-5 - -1) + 48?
45
Calculate -8 + -2 + (14 - -4) + -16 + -2.
-10
What is -597 - -628 - (65 + 12)?
-46
97 - (-107 + 179) - 22
3
Evaluate -411 + 438 - (-3 + -1).
31
Evaluate -108 + 12 + (7 - (15 - 8) - 11).
-107
Evaluate 6 + 1 + -6 + (-3 - 7) + 33.
24
120 + -44 - ((13 - (16 + -12)) + -22)
89
Calculate -54 + (-128 - -123) - -176.
117
Evaluate 11 + -23 + -37 - -37.
-12
What is the value of (-499 + 477 - (-1 + (-4 - 102))) + 19?
104
Evaluate (-88 - (66 - 40) - -11) + -42.
-145
What is 24 + (-133 - (-6 +